{"id":22,"date":"2019-01-06T14:31:30","date_gmt":"2019-01-06T14:31:30","guid":{"rendered":"http:\/\/wp.bonner-initiative-grundeinkommen.de\/?page_id=22"},"modified":"2019-03-12T10:01:47","modified_gmt":"2019-03-12T10:01:47","slug":"aus-den-vergangenen-jahren","status":"publish","type":"page","link":"http:\/\/wp.bonner-initiative-grundeinkommen.de\/?page_id=22","title":{"rendered":"Aus den vergangenen Jahren"},"content":{"rendered":"\n<p>Dokumentation zur Ausstellung : Grundeinkommen in Namibia<\/p>\n\n\n<p><a href=\"http:\/\/wp.bonner-initiative-grundeinkommen.de\/wp-content\/uploads\/2019\/01\/Katalog_A4_k.pdf\">Katalog_zur Ausstellung<\/a><\/p>\n<p><a href=\"http:\/\/wp.bonner-initiative-grundeinkommen.de\/wp-content\/uploads\/2019\/01\/Flyer_namibia_klein.pdf\">Flyer_namibia_klein<\/a><\/p>\n<p><a href=\"http:\/\/wp.bonner-initiative-grundeinkommen.de\/wp-content\/uploads\/2019\/01\/BIG_in_Namibia_2012.pdf\">BIG_in_Namibia_2012<\/a><\/p>\n<p><a href=\"http:\/\/wp.bonner-initiative-grundeinkommen.de\/wp-content\/uploads\/2019\/01\/begleitheft_namibia.pdf\">Begleitheft_Namibia<\/a><\/p>\n<p><a href=\"http:\/\/wp.bonner-initiative-grundeinkommen.de\/wp-content\/uploads\/2019\/01\/presse_namibia.pdf\">Presse_Namibia<\/a><\/p>\n<p><a href=\"http:\/\/wp.bonner-initiative-grundeinkommen.de\/wp-content\/uploads\/2019\/01\/flyer_namibia.pdf\">Flyer_Namibia<\/a><\/p>\n<p><a href=\"http:\/\/wp.bonner-initiative-grundeinkommen.de\/wp-content\/uploads\/2019\/01\/eroeffnung_namibia_d_paternoga.pdf\">Eroeffnung_Namibia_d_paternoga<\/a><\/p>\n\n\n<h2><\/h2>\n\n\n\n<p>Vorstellung Finanzierungskonzept&nbsp; BGE1100 April 2018 :<\/p>\n\n\n<p><a href=\"http:\/\/wp.bonner-initiative-grundeinkommen.de\/wp-content\/uploads\/2019\/01\/180430_Begr\u251c\u255dndung_und_Finanzierung_eines_BGE_1100.pdf\">180430_Begr\u00fcndung_und_Finanzierung_eines_BGE_1100<\/a> <a href=\"http:\/\/wp.bonner-initiative-grundeinkommen.de\/wp-content\/uploads\/2019\/01\/180427_Volkswirtschaftliche_Gesamtrechnung_2017.pdf\">180427_Volkswirtschaftliche_Gesamtrechnung_2017<\/a> <a href=\"http:\/\/wp.bonner-initiative-grundeinkommen.de\/wp-content\/uploads\/2019\/01\/180427_Staatliche_Umverteilung_2017_plus_BGE_1100.pdf\">180427_Staatliche_Umverteilung_2017_plus_BGE_1100<\/a><\/p>\n\n\n<p><strong>2019<\/strong><\/p>\n\n\n\n\n\n<p><strong>12.2.2019, 19 Uhr, Bonn, Treffen der Bonner Initiative Grundeinkommen,\u00a0Macke-Treff<\/strong><br><\/p>\n\n\n\n<p><br><\/p>\n\n\n\n<p>Dirk Schumacher stellt das Konzept der <strong>BGE-Kreise<\/strong> vor. Das Konzept wurde von ihm entwickelt. Es beinhaltet die Einrichtung eigenst\u00e4ndiger Wirtschaftskreise unter Einbeziehung einer Komplement\u00e4rw\u00e4hrung und Auszahlung eines bedingungslosen Grundeinkommens. Zur Zeit sind 50 Kreise eingerichtet, die meisten in Deutschland, einige auch in der Schweiz und USA.<\/p>\n\n\n\n<p><strong>Infos zum Konzept:<\/strong> <a rel=\"noreferrer noopener\" target=\"_blank\" href=\"http:\/\/www.bhe-kreise.de\/\">www.bge-kreise.de<\/a><\/p>\n\n\n\n<p><strong>************************************************************************<\/strong><\/p>\n\n\n<p><!--EndFragment--><br>\n<br>\n<\/p>","protected":false},"excerpt":{"rendered":"<p>Dokumentation zur Ausstellung : Grundeinkommen in Namibia Katalog_zur Ausstellung Flyer_namibia_klein BIG_in_Namibia_2012 Begleitheft_Namibia Presse_Namibia Flyer_Namibia Eroeffnung_Namibia_d_paternoga Vorstellung Finanzierungskonzept&nbsp; BGE1100 April 2018 : 180430_Begr\u00fcndung_und_Finanzierung_eines_BGE_1100 180427_Volkswirtschaftliche_Gesamtrechnung_2017 180427_Staatliche_Umverteilung_2017_plus_BGE_1100 2019 12.2.2019, 19 Uhr, Bonn, Treffen der Bonner Initiative Grundeinkommen,\u00a0Macke-Treff Dirk Schumacher stellt das Konzept der BGE-Kreise vor. Das Konzept wurde von ihm entwickelt. Es beinhaltet die Einrichtung eigenst\u00e4ndiger Wirtschaftskreise unter &hellip; <\/p>\n<p class=\"link-more\"><a href=\"http:\/\/wp.bonner-initiative-grundeinkommen.de\/?page_id=22\" class=\"more-link\"><span class=\"screen-reader-text\">&#8222;Aus den vergangenen Jahren&#8220;<\/span> weiterlesen<\/a><\/p>\n","protected":false},"author":1,"featured_media":0,"parent":0,"menu_order":0,"comment_status":"closed","ping_status":"closed","template":"","meta":[],"_links":{"self":[{"href":"http:\/\/wp.bonner-initiative-grundeinkommen.de\/index.php?rest_route=\/wp\/v2\/pages\/22"}],"collection":[{"href":"http:\/\/wp.bonner-initiative-grundeinkommen.de\/index.php?rest_route=\/wp\/v2\/pages"}],"about":[{"href":"http:\/\/wp.bonner-initiative-grundeinkommen.de\/index.php?rest_route=\/wp\/v2\/types\/page"}],"author":[{"embeddable":true,"href":"http:\/\/wp.bonner-initiative-grundeinkommen.de\/index.php?rest_route=\/wp\/v2\/users\/1"}],"replies":[{"embeddable":true,"href":"http:\/\/wp.bonner-initiative-grundeinkommen.de\/index.php?rest_route=%2Fwp%2Fv2%2Fcomments&post=22"}],"version-history":[{"count":6,"href":"http:\/\/wp.bonner-initiative-grundeinkommen.de\/index.php?rest_route=\/wp\/v2\/pages\/22\/revisions"}],"predecessor-version":[{"id":202,"href":"http:\/\/wp.bonner-initiative-grundeinkommen.de\/index.php?rest_route=\/wp\/v2\/pages\/22\/revisions\/202"}],"wp:attachment":[{"href":"http:\/\/wp.bonner-initiative-grundeinkommen.de\/index.php?rest_route=%2Fwp%2Fv2%2Fmedia&parent=22"}],"curies":[{"name":"wp","href":"https:\/\/api.w.org\/{rel}","templated":true}]}}