{"id":159,"date":"2019-02-09T16:56:14","date_gmt":"2019-02-09T16:56:14","guid":{"rendered":"http:\/\/wp.bonner-initiative-grundeinkommen.de\/?page_id=159"},"modified":"2024-10-01T11:50:08","modified_gmt":"2024-10-01T11:50:08","slug":"termine","status":"publish","type":"page","link":"http:\/\/wp.bonner-initiative-grundeinkommen.de\/?page_id=159","title":{"rendered":"Termine"},"content":{"rendered":"\n<h1>Was haben die Nachhaltigkeitsziele (SDGs) mit der Idee eines Grundeinkommens zu tun?\u00a0<\/h1>\n\n\n\n<p>Die Bonner Initiative Grundeinkommen m\u00f6chte im Rahmen der Bonner SDG-Tage 2024 den Zusammenhang bestimmter Nachhaltigkeitsziele (z.B. Armut beseitigen) mit der Idee des Grundeinkommens in Verbindung bringen und gemeinsam diskutieren.<\/p>\n\n\n\n<p>Die Veranstaltung findet statt am <strong>Dienstag, 1. Oktober 2024, 18:00 \u2013 19:30 Uhr im Macke-Treff<\/strong>, Vorgebirgsstra\u00dfe 43, 53119 Bonn. Alle Interessierten sind herzlich eingeladen.<\/p>\n\n\n\n<p>Die f\u00fcr die Region Bonn\/S\u00fcdliches NRW zust\u00e4ndige Eine Welt-Regionalpromotorin Vanessa P\u00fcllen wird einen kurzen \u00dcberblick zu den Nachhaltigkeitszielen der Agenda 2030 geben. Die Bonner Initiative Grundeinkommen wird die Idee des Grundeinkommesn vorstellen. Gemeinsam mit den Teilnehmenden werden wir dar\u00fcber diskutieren, welche Nachhaltigkeitsziele durch ein Grundeinkommen unterst\u00fctzt werden k\u00f6nnen.<\/p>\n\n\n\n<p><strong>Mehr Infos und Kontakt:<\/strong><\/p>\n\n\n\n<p><a rel=\"noreferrer noopener\" href=\"mailto:info@grundeinkommen-bonn.de\" target=\"_blank\">info@grundeinkommen-bonn.de<\/a><\/p>\n\n\n\n<p><a href=\"https:\/\/grundeinkommen-bonn.de\">https:\/\/grundeinkommen-bonn.de<\/a><\/p>\n\n\n\n<p><a rel=\"noreferrer noopener\" href=\"mailto:vanessa.puellen@politikatelier.de\" target=\"_blank\">vanessa.puellen@politikatelier.de<\/a><\/p>\n\n\n\n<p><a href=\"https:\/\/bonner-netzwerk.org\/kontakt.html\">https:\/\/bonner-netzwerk.org\/kontakt.html<\/a><\/p>\n\n\n\n<h2>Regelm\u00e4ssige Treffen der Bonner Initiative Grundeinkommen e.V. :<\/h2>\n\n\n\n<p>Jeden zweiten Dienstag im Monat, 19h<\/p>\n\n\n\n<p>Ort: Macke-Treff,\u00a0 Vorgebirgsstra\u00dfe 43, 53119 Bonn<\/p>\n\n\n\n<p><\/p>\n\n\n\n<p><\/p>\n\n\n\n<h2>attac-Onlineseminare<\/h2>\n\n\n\n<h4><strong>N\u00e4chste Termine<\/strong><\/h4>\n\n\n\n<p><strong>9. November 2022 18:00 &#8211; 19:00 Uhr<\/strong><br><strong>Was ich t\u00e4te, wenn ich Zeit h\u00e4tte<\/strong><br><strong>Referentin: Frauke Distelrath, Gesch\u00e4ftsf\u00fchererin Attac Deutschland<\/strong><br><a rel=\"noreferrer noopener\" href=\"https:\/\/www.grundeinkommen-attac.de\/aktivitaeten\/onlineseminare\" target=\"_blank\">&gt;&gt;&gt; Mehr Infos und Link zum Meeting<\/a><br>Die Videos der Veranstaltungen werden nach und nach im attac-Youtubekanal eingestellt<br><a rel=\"noreferrer noopener\" href=\"https:\/\/www.youtube.com\/channel\/UCbtd3cSlH9bXN8E-R4q7rHg\/videos\" target=\"_blank\">https:\/\/www.youtube.com\/channel\/UCbtd3cSlH9bXN8E-R4q7rHg\/videos<\/a>.<\/p>\n\n\n\n<p><\/p>\n\n\n\n<h2>Online-Fachgespr\u00e4ch, &#8222;Digitales Existenzminimum&#8220;, 22.11.2022<\/h2>\n\n\n\n<p><a href=\"http:\/\/www.kwa-ekd.de\/wp-content\/uploads\/2022\/10\/Online-Fachgespraech-22.11.22_Digitales-Existenzminimum_f-i-n-a-l.pdf\">www.kwa-ekd.de\/wp-content\/uploads\/2022\/10\/Online-Fachgespraech-22.11.22_Digitales-Existenzminimum_f-i-n-a-l.pdf<\/a><\/p>\n\n\n\n<p><\/p>\n\n\n\n<h2>Archiv 2022<\/h2>\n\n\n\n<p><\/p>\n\n\n\n<p><\/p>\n\n\n\n<p>&gt;&gt;&gt; Dirk Schumacher bietet wieder ein Workshop zum BGE an<\/p>\n\n\n\n<h2>Bedingungsloses Grundeinkommen \u2013 wie geht das?<\/h2>\n\n\n\n<h4>Film und Workshop<\/h4>\n\n\n\n<h4><em>Fr \u2013 Sa, 21. \u2013 22. Oktober 2022<\/em><\/h4>\n\n\n\n<p>\u201eWie ver\u00e4ndert ein Grundeinkommen unsere Gesellschaft?\u201c Diese Frage stellt das aktuell laufende Pilotprojekt Grundeinkommen, das der Verein Mein Grundeinkommen e.V. mit dem Deutschen Institut f\u00fcr Wirtschaftsforschung (DIW, Berlin) durchf\u00fchrt:&nbsp;<a rel=\"noreferrer noopener\" href=\"http:\/\/www.pilotprojekt-grundeinkommen.de\/\" target=\"_blank\">www.pilotprojekt-grundeinkommen.de<\/a>. Das ist nur ein Beispiel daf\u00fcr, dass eine Umsetzung des Bedingungslosen Grundeinkommens (BGE) auf vielen Ebenen diskutiert, aber auch eingefordert und in Ans\u00e4tzen umgesetzt wird. Wir wollen uns genauer damit besch\u00e4ftigen: Denn nicht nur die Corona-Pandemie hat gezeigt, dass es grunds\u00e4tzlich eine andere Politik braucht, um gut zu wirtschaften und gut zu leben. Eine Politik, die die Bed\u00fcrfnisse aller Menschen und den Schutz unserer nat\u00fcrlichen Lebensgrundlagen ernst nimmt.<\/p>\n\n\n\n<p>Start freitags: Impulsfilm und anschlie\u00dfender Diskurs.<br>Workshop samstags: Vertiefen und erarbeiten, wie es konkret funktioniert.<br>Modelle des Bedingungslosen Grundeinkommens. Warum h\u00e4ngt mein Einkommen von meiner Erwerbst\u00e4tigkeit ab? Die Rolle des Geldes in der Gesellschaft. Arbeit und W\u00fcrde. Und: Es funktioniert bereits!<\/p>\n\n\n\n<p>Dirk Schumacher ist schon mehr als ein Jahrzehnt aktiv in Sachen BGE unterwegs und ist Referent f\u00fcr dieses spannende gesellschaftspolitische Wochenende.<\/p>\n\n\n\n<p><strong>Dirk Schumacher, Blankenheim, Informatiker, <a href=\"mailto:d.schumacher@owako.de\" target=\"_blank\" rel=\"noreferrer noopener\">d.schumacher@owako.de<\/a><\/strong><\/p>\n\n\n\n<p>F\u00fcr Interessierte ab 16 Jahren.<\/p>\n\n\n\n<p>Anmeldung per Mail an&nbsp;<a href=\"mailto:anmeldung@fbw-rheinland.de\" target=\"_blank\" rel=\"noreferrer noopener\">anmeldung@fbw-rheinland.de<\/a>.<\/p>\n\n\n\n<p><strong>Zeiten<\/strong>&nbsp;Fr, 18:00 \u2013 21:00, Sa, 10:00 \u2013 17:00&nbsp;<\/p>\n\n\n\n<p><strong>Kosten<\/strong>&nbsp;kostenfrei, Spende willkommen&nbsp;<\/p>\n\n\n\n<p><strong>Ort<\/strong>&nbsp;Gesch\u00e4ftsstelle des Freien Bildungswerks Rheinland, Luxemburger Str. 190, 50937 K\u00f6ln (Stadtbahnlinie 18 \u2013 Haltestelle Arnulfstra\u00dfe)<\/p>\n\n\n\n<p>Link: <a target=\"_blank\" href=\"https:\/\/www.fbw-rheinland.de\/kurse\/2022-10-21-topaktuell-bedingungsloses-grundeinkommen-wie-geht-das\/\" rel=\"noreferrer noopener\">https:\/\/www.fbw-rheinland.de\/kurse\/2022-10-21-topaktuell-bedingungsloses-grundeinkommen-wie-geht-das\/<\/a><\/p>\n\n\n\n<p><\/p>\n\n\n\n<p><\/p>\n\n\n\n<h2>Die Bonner Initiative Grundeinkommen l\u00e4dt zum 5. Internationalen BGE-Stammtisch ein!<\/h2>\n\n\n\n<h5><strong>\u201eWarum auch Million\u00e4re Grundeinkommen erhalten sollen\u201c<br>Gespr\u00e4che &amp; Information &amp; Vernetzungstreffen zum Bedingungslosen Grundeinkommen<\/strong><\/h5>\n\n\n\n<p><strong>Freitag, 23.September 2022, ab 19h<br>Rosa Lu, Bonn, Vorgebirgsstra\u00dfe 80, 53119 Bonn<\/strong><\/p>\n\n\n\n<p>Der Eintritt ist frei. Eine Anmeldung ist nicht erforderlich. <br>Die Getr\u00e4nke zahlt jeder Gast selber.<br>Infomaterial, Flyer und \u00e4hnliches zum Mitnehmen rund um das BGE sind ausdr\u00fccklich erw\u00fcnscht.<\/p>\n\n\n\n<p>Diese Veranstaltung findet im Rahmen der 15. Internationalen Woche des Grundeinkommens (15th International Basic Income Week) Mo-So 19.-25.9.2022 statt. Dabei sind Berlin, Bonn, Bremen, Erlangen, Frankfurt\/Main, Germering, G\u00f6ttingen, Halberstadt, Hamburg, Harzgerode, Havelberg, Jena, Kassel, Kempten, Kiel, Leipzig, Magdeburg, M\u00fcnchen, Nienburg\/Weser, Nordhausen, Reutlingen, Suhl, Wanzleben-B\u00f6rde und Weimar.<\/p>\n\n\n\n<p><a href=\"http:\/\/basicincomeweek.org\">basicincomeweek.org<\/a><br><a rel=\"noreferrer noopener\" href=\"http:\/\/www.facebook.com\/BasicIncomeWeek\/\" target=\"_blank\">facebook.com\/BasicIncomeWeek\/<\/a><br>(5th International Basic Income Beer <a rel=\"noreferrer noopener\" href=\"http:\/\/www.facebook.com\/events\/590041566160448\/\" target=\"_blank\">www.facebook.com\/events\/590041566160448\/<\/a><br><a rel=\"noreferrer noopener\" href=\"https:\/\/basicincomeweek.org\/ibib2022\/\" target=\"_blank\">https:\/\/basicincomeweek.org\/ibib2022\/<\/a><\/p>\n\n\n\n<p>   <\/p>\n\n\n\n<p><\/p>\n\n\n\n<h2 id=\"mce_0\">Samstag, 17.9.2022, 11-17h Bonner M\u00fcnsterplatz<\/h2>\n\n\n\n<p><strong>Stand zum Thema BGE und Nachhaltigkeit von der Bonner Initiative Grundeinkommen &#8211; ein Mitmachangebot<\/strong><\/p>\n\n\n\n<p><a href=\"https:\/\/rundum-nachhaltig.bonn.de\">Rahmenprogram der Stadt Bonn&nbsp;<\/a><\/p>\n\n\n\n<p><\/p>\n\n\n\n<p><\/p>\n\n\n\n<p><\/p>\n\n\n\n<h4><strong>Dienstag, 13.9.2022 um 19 Uhr im Macke-Treff, Vorgebirgsstra\u00dfe 43, 53119 Bonn<\/strong><\/h4>\n\n\n\n<h2>Diskussion mit der Eine Welt Promotorin Lisa Stroetmann (<a href=\"http:\/\/www.politikatelier.de\/\">www.politikatelier.de<\/a>) \u00fcber \u201eNachhaltigkeitsziele und Grundeinkommen\u201c. <\/h2>\n\n\n\n<p>Die Diskussion dient zur Vorbereitung auf unseren Stand am 17.9. beim Festival &#8222;Bonn &#8211; Rundum nachhaltig&#8220;.  Zum Hintergrund der Nachhaltigkeitsziele: Im September 2015 verabschiedeten die Mitgliedsstaaten der Vereinten Nationen einstimmig die Agenda 2030. Sie enth\u00e4lt 17 Ziele (SDGs) f\u00fcr eine sozial, wirtschaftlich und \u00f6kologisch nachhaltige Entwicklung. <a href=\"https:\/\/17ziele.de\/\">https:\/\/17ziele.de<\/a><\/p>\n\n\n\n<p><\/p>\n\n\n\n<p><br><\/p>\n\n\n\n<h5 id=\"mce_0\"><\/h5>\n\n\n\n<figure class=\"wp-block-image\"><img src=\"https:\/\/www.bonn.de\/microsite\/rundum-nachhaltig\/programm\/index.php.media\/176601\/PL_rundumnachhaltig_2022_3008_A1_PRINT.jpg.scaled\/7b924a5472196c606ed1b83deb468341.jpg\" alt=\"\"\/><\/figure>\n\n\n\n<p><\/p>\n\n\n\n<p><\/p>\n\n\n\n<p><\/p>\n\n\n\n<p><strong>Kontakt Bonner Initiative Grundeinkommen:<\/strong><br><a rel=\"noreferrer noopener\" href=\"http:\/\/www.grundeinkommen-bonn.de\" target=\"_blank\">http:\/\/www.grundeinkommen-bonn.de<\/a><br><a rel=\"noreferrer noopener\" href=\"mailto:bonn@grundeinkommen.de\" target=\"_blank\">bonn@grundeinkommen.de<\/a><br><br><strong>Unterst\u00fctzung<\/strong> Unterst\u00fctzen Sie bitte die Idee mit einer Spende an den gemeinn\u00fctzigen Verein \u201eBonner Initiative Grundeinkommen e.V.\u201c IBAN: DE80380601861305142014 bei Volksbank Bonn Rhein-Sieg!<\/p>\n\n\n\n<p>&nbsp;<\/p>\n\n\n\n<p>&nbsp;<\/p>\n\n\n\n<p>&nbsp;<\/p>\n\n\n\n<p>&nbsp;<\/p>\n\n\n\n<p>&nbsp;<\/p>\n\n\n\n<p>&nbsp;<\/p>\n","protected":false},"excerpt":{"rendered":"<p>Was haben die Nachhaltigkeitsziele (SDGs) mit der Idee eines Grundeinkommens zu tun?\u00a0 Die Bonner Initiative Grundeinkommen m\u00f6chte im Rahmen der Bonner SDG-Tage 2024 den Zusammenhang bestimmter Nachhaltigkeitsziele (z.B. Armut beseitigen) mit der Idee des Grundeinkommens in Verbindung bringen und gemeinsam diskutieren. Die Veranstaltung findet statt am Dienstag, 1. Oktober 2024, 18:00 \u2013 19:30 Uhr im &hellip; <\/p>\n<p class=\"link-more\"><a href=\"http:\/\/wp.bonner-initiative-grundeinkommen.de\/?page_id=159\" class=\"more-link\"><span class=\"screen-reader-text\">&#8222;Termine&#8220;<\/span> weiterlesen<\/a><\/p>\n","protected":false},"author":1,"featured_media":0,"parent":0,"menu_order":4,"comment_status":"closed","ping_status":"closed","template":"","meta":[],"_links":{"self":[{"href":"http:\/\/wp.bonner-initiative-grundeinkommen.de\/index.php?rest_route=\/wp\/v2\/pages\/159"}],"collection":[{"href":"http:\/\/wp.bonner-initiative-grundeinkommen.de\/index.php?rest_route=\/wp\/v2\/pages"}],"about":[{"href":"http:\/\/wp.bonner-initiative-grundeinkommen.de\/index.php?rest_route=\/wp\/v2\/types\/page"}],"author":[{"embeddable":true,"href":"http:\/\/wp.bonner-initiative-grundeinkommen.de\/index.php?rest_route=\/wp\/v2\/users\/1"}],"replies":[{"embeddable":true,"href":"http:\/\/wp.bonner-initiative-grundeinkommen.de\/index.php?rest_route=%2Fwp%2Fv2%2Fcomments&post=159"}],"version-history":[{"count":181,"href":"http:\/\/wp.bonner-initiative-grundeinkommen.de\/index.php?rest_route=\/wp\/v2\/pages\/159\/revisions"}],"predecessor-version":[{"id":691,"href":"http:\/\/wp.bonner-initiative-grundeinkommen.de\/index.php?rest_route=\/wp\/v2\/pages\/159\/revisions\/691"}],"wp:attachment":[{"href":"http:\/\/wp.bonner-initiative-grundeinkommen.de\/index.php?rest_route=%2Fwp%2Fv2%2Fmedia&parent=159"}],"curies":[{"name":"wp","href":"https:\/\/api.w.org\/{rel}","templated":true}]}}